 of 30 and 5030.
10
What is the greatest common divisor of 435 and 15?
15
Calculate the greatest common divisor of 506 and 440.
22
Calculate the highest common divisor of 338 and 7943.
169
What is the highest common divisor of 30 and 1730?
10
Calculate the greatest common divisor of 24 and 30.
6
Calculate the highest common factor of 288 and 9.
9
What is the highest common divisor of 243 and 135?
27
Calculate the highest common factor of 3795 and 99.
33
What is the greatest common divisor of 920 and 10?
10
Calculate the highest common factor of 12 and 2916.
12
Calculate the greatest common divisor of 260 and 380.
20
What is the highest common divisor of 25 and 800?
25
What is the greatest common factor of 312 and 4836?
156
Calculate the highest common factor of 26 and 152.
2
Calculate the greatest common divisor of 89 and 1513.
89
What is the highest common divisor of 4 and 29?
1
What is the highest common divisor of 51 and 119?
17
Calculate the highest common factor of 427 and 7.
7
Calculate the greatest common factor of 23 and 137.
1
Calculate the greatest common divisor of 184 and 92.
92
Calculate the highest common divisor of 8 and 8.
8
Calculate the highest common factor of 50 and 18.
2
Calculate the greatest common divisor of 50 and 13270.
10
What is the greatest common factor of 3858 and 18?
6
Calculate the greatest common divisor of 2388 and 4.
4
Calculate the greatest common factor of 215 and 5.
5
What is the highest common factor of 52 and 65?
13
Calculate the highest common factor of 9 and 117.
9
What is the greatest common divisor of 147 and 49?
49
Calculate the greatest common divisor of 579 and 4825.
193
Calculate the greatest common divisor of 120 and 15.
15
Calculate the highest common factor of 300 and 20.
20
What is the greatest common divisor of 50 and 650?
50
Calculate the greatest common divisor of 1788 and 300.
12
Calculate the greatest common divisor of 2235 and 45.
15
Calculate the highest common factor of 228 and 204.
12
What is the greatest common divisor of 12 and 6342?
6
What is the greatest common divisor of 12 and 544?
4
Calculate the highest common factor of 204 and 1734.
102
Calculate the highest common factor of 385 and 210.
35
What is the highest common divisor of 79 and 316?
79
Calculate the greatest common divisor of 275 and 33.
11
Calculate the greatest common divisor of 480 and 1680.
240
What is the greatest common factor of 21 and 42?
21
Calculate the greatest common divisor of 106 and 34609.
53
What is the greatest common divisor of 152 and 418?
38
What is the highest common factor of 1704 and 1608?
24
Calculate the highest common divisor of 10 and 1058.
2
What is the highest common divisor of 425 and 50?
25
Calculate the highest common divisor of 28 and 28.
28
Calculate the highest common factor of 6309 and 9.
9
Calculate the highest common factor of 4230 and 270.
90
What is the highest common divisor of 575 and 805?
115
Calculate the highest common factor of 589 and 57.
19
Calculate the greatest common factor of 477 and 371.
53
What is the highest common factor of 90 and 495?
45
Calculate the highest common divisor of 1809 and 81.
27
Calculate the highest common factor of 10442 and 46.
46
What is the highest common factor of 51 and 4505?
17
What is the highest common factor of 385 and 77?
77
Calculate the highest common divisor of 4320 and 135.
135
Calculate the greatest common divisor of 24 and 42.
6
Calculate the greatest common factor of 42 and 105.
21
Calculate the greatest common factor of 7397 and 52.
13
What is the greatest common divisor of 2171 and 39?
13
What is the highest common divisor of 1764 and 144?
36
Calculate the greatest common factor of 250 and 450.
50
Calculate the greatest common factor of 104 and 8216.
104
What is the highest common divisor of 410 and 80?
10
Calculate the greatest common divisor of 806 and 130.
26
What is the highest common divisor of 69 and 23?
23
What is the highest common divisor of 94 and 14664?
94
What is the greatest common divisor of 234 and 162?
18
Calculate the greatest common divisor of 1007 and 57.
19
Calculate the highest common factor of 793 and 549.
61
Calculate the highest common factor of 79 and 158.
79
Calculate the highest common factor of 68 and 68.
68
What is the greatest common divisor of 1173 and 204?
51
What is the highest common factor of 41 and 1189?
41
What is the highest common divisor of 4418 and 282?
94
Calculate the highest common factor of 6642 and 324.
162
Calculate the greatest common divisor of 27 and 3.
3
What is the greatest common factor of 57 and 3363?
57
Calculate the highest common factor of 322 and 28.
14
Calculate the highest common factor of 99 and 153.
9
Calculate the highest common factor of 341 and 11.
11
Calculate the greatest common divisor of 570 and 3230.
190
Calculate the greatest common factor of 6 and 366.
6
What is the highest common factor of 66 and 1980?
66
What is the highest common factor of 10672 and 348?
116
What is the greatest common factor of 41 and 4469?
41
Calculate the greatest common factor of 702 and 442.
26
Calculate the greatest common factor of 80 and 16.
16
Calculate the greatest common divisor of 29230 and 10.
10
What is the highest common factor of 87 and 145?
29
What is the highest common divisor of 204 and 289?
17
What is the greatest common factor of 39 and 2?
1
Calculate the highest common divisor of 44 and 2684.
44
What is the greatest common factor of 208 and 884?
52
What is the greatest common factor of 2224 and 48?
16
What is the highest common divisor of 460 and 644?
92
Calculate the greatest common factor of 387 and 645.
129
What is the highest common divisor of 16350 and 436?
218
What is the greatest common factor of 1614 and 6?
6
Calculate the greatest common divisor of 1742 and 3618.
134
Calculate the highest common factor of 5211 and 27.
27
Calculate the greatest common divisor of 50 and 3650.
50
Calculate the highest common factor of 3577 and 196.
49
Calculate the highest common factor of 62 and 1922.
62
Calculate the greatest common divisor of 456 and 24.
24
What is the highest common divisor of 360 and 140?
20
What is the highest common factor of 26 and 1235?
13
What is the highest common divisor of 1281 and 91?
7
What is the greatest common divisor of 1012 and 1584?
44
Calculate the greatest common factor of 198 and 858.
66
Calculate the highest common divisor of 56 and 248.
8
What is the highest common factor of 833 and 238?
119
What is the highest common divisor of 120 and 135?
15
Calculate the greatest common factor of 18 and 30.
6
Calculate the highest common factor of 35 and 4235.
35
Calculate the highest common divisor of 8 and 24.
8
What is the greatest common factor of 1664 and 936?
104
What is the greatest common divisor of 925 and 111?
37
Calculate the highest common divisor of 33 and 9.
3
Calculate the highest common divisor of 11968 and 17.
17
Calculate the greatest common divisor of 6 and 156.
6
Calculate the highest common divisor of 24 and 972.
12
Calculate the highest common divisor of 2210 and 13.
13
What is the highest common divisor of 320 and 680?
40
Calculate the highest common factor of 40 and 232.
8
What is the highest common factor of 224 and 42?
14
Calculate the highest common factor of 32 and 56.
8
Calculate the highest common factor of 3195 and 90.
45
Calculate the highest common factor of 168 and 24.
24
What is the greatest common factor of 1 and 229?
1
What is the greatest common divisor of 126 and 7210?
14
Calculate the highest common divisor of 20776 and 112.
56
What is the greatest common divisor of 35 and 5?
5
Calculate the highest common factor of 155 and 360.
5
What is the highest common divisor of 697 and 34?
17
What is the highest common factor of 44 and 820?
4
Calculate the highest common divisor of 651 and 84.
21
Calculate the highest common factor of 4202 and 66.
22
Calculate the greatest common factor of 206 and 13390.
206
Calculate the highest common divisor of 104 and 3224.
104
What is the highest common divisor of 11928 and 63?
21
Calculate the greatest common divisor of 6405 and 455.
35
Calculate the greatest common factor of 259 and 2220.
37
Calculate the highest common divisor of 1008 and 1848.
168
Calculate the greatest